{"id":6255,"date":"2024-01-16T13:19:52","date_gmt":"2024-01-16T11:19:52","guid":{"rendered":"https:\/\/lemt.lv\/?post_type=product&#038;p=6255"},"modified":"2025-04-10T05:45:10","modified_gmt":"2025-04-10T02:45:10","slug":"elektro-auto-uzlades-kabelis-3f-5m-11kw-evon","status":"publish","type":"product","link":"https:\/\/lemt.lv\/dev\/produkts\/elektro-auto-uzlades-kabelis-3f-5m-11kw-evon\/","title":{"rendered":"Elektro auto uzl\u0101des kabelis 3F 5m 11kW EVON"},"content":{"rendered":"<p>3 F\u0101zu uzl\u0101des kabelis ar 2. tipa (IEC 62196-2) spraudni un savienot\u0101ju. Ergonomiski rokturi un elast\u012bgs kabelis pat zem\u0101 temperat\u016br\u0101.<\/p>\n","protected":false},"excerpt":{"rendered":"<p>3 F\u0101zu elektroauto uzl\u0101des kabelis ar 2. tipa (IEC 62196-2) spraudni un savienot\u0101ju. Ergonomiski rokturi un elast\u012bgs kabelis pat zem\u0101 temperat\u016br\u0101. EV Charging cable<\/p>\n<p>&nbsp;<\/p>\n","protected":false},"featured_media":6258,"template":"","meta":{"_acf_changed":false},"product_brand":[],"product_cat":[1231],"product_tag":[1430,1429,1368],"class_list":{"0":"post-6255","1":"product","2":"type-product","3":"status-publish","4":"has-post-thumbnail","6":"product_cat-elektro-uzlade","7":"product_tag-elektroauto-uzlades-kabelis","8":"product_tag-ev-charger","9":"product_tag-invertors","11":"first","12":"onbackorder","13":"taxable","14":"shipping-taxable","15":"purchasable","16":"product-type-simple"},"acf":[],"_links":{"self":[{"href":"https:\/\/lemt.lv\/dev\/wp-json\/wp\/v2\/product\/6255","targetHints":{"allow":["GET"]}}],"collection":[{"href":"https:\/\/lemt.lv\/dev\/wp-json\/wp\/v2\/product"}],"about":[{"href":"https:\/\/lemt.lv\/dev\/wp-json\/wp\/v2\/types\/product"}],"wp:featuredmedia":[{"embeddable":true,"href":"https:\/\/lemt.lv\/dev\/wp-json\/wp\/v2\/media\/6258"}],"wp:attachment":[{"href":"https:\/\/lemt.lv\/dev\/wp-json\/wp\/v2\/media?parent=6255"}],"wp:term":[{"taxonomy":"product_brand","embeddable":true,"href":"https:\/\/lemt.lv\/dev\/wp-json\/wp\/v2\/product_brand?post=6255"},{"taxonomy":"product_cat","embeddable":true,"href":"https:\/\/lemt.lv\/dev\/wp-json\/wp\/v2\/product_cat?post=6255"},{"taxonomy":"product_tag","embeddable":true,"href":"https:\/\/lemt.lv\/dev\/wp-json\/wp\/v2\/product_tag?post=6255"}],"curies":[{"name":"wp","href":"https:\/\/api.w.org\/{rel}","templated":true}]}}