{"id":6112,"date":"2023-10-09T12:47:17","date_gmt":"2023-10-09T09:47:17","guid":{"rendered":"https:\/\/lemt.lv\/?post_type=product&#038;p=6112"},"modified":"2025-04-10T05:45:11","modified_gmt":"2025-04-10T02:45:11","slug":"silditajs-malmbergs-turbo-2000w-230v-melns","status":"publish","type":"product","link":"https:\/\/lemt.lv\/dev\/produkts\/silditajs-malmbergs-turbo-2000w-230v-melns\/","title":{"rendered":"Sild\u012bt\u0101js MALMBERGS TURBO 2000W, 230V, Melns"},"content":{"rendered":"<p>Neliels konvekcijas radiators ar turbo ventilatoru, kas nodro\u0161ina \u0101tru un vienm\u0113r\u012bgu apsildi. Tr\u012bs jaudas iestat\u012bjumi. Ventilatoru var darbin\u0101t neatkar\u012bgi no jaudas iestat\u012bjuma. Regul\u0113jams termostats. Komplekt\u0101 baro\u0161anas kabelis un kontaktdak\u0161a.<\/p>\n","protected":false},"excerpt":{"rendered":"<p>Neliels konvekcijas radiators ar turbo ventilatoru, kas nodro\u0161ina \u0101tru un vienm\u0113r\u012bgu apsildi. Tr\u012bs jaudas iestat\u012bjumi. Ventilatoru var darbin\u0101t neatkar\u012bgi no jaudas iestat\u012bjuma. Regul\u0113jams termostats. Komplekt\u0101 baro\u0161anas kabelis un kontaktdak\u0161a.<\/p>\n","protected":false},"featured_media":6114,"template":"","meta":{"_acf_changed":false},"product_brand":[],"product_cat":[32,1413,1114],"product_tag":[],"class_list":{"0":"post-6112","1":"product","2":"type-product","3":"status-publish","4":"has-post-thumbnail","6":"product_cat-apsildes-kabeli","7":"product_cat-apsildes-iekartas","8":"product_cat-ventilacija-un-apsilde-2","10":"first","11":"onbackorder","12":"taxable","13":"shipping-taxable","14":"purchasable","15":"product-type-simple"},"acf":[],"_links":{"self":[{"href":"https:\/\/lemt.lv\/dev\/wp-json\/wp\/v2\/product\/6112","targetHints":{"allow":["GET"]}}],"collection":[{"href":"https:\/\/lemt.lv\/dev\/wp-json\/wp\/v2\/product"}],"about":[{"href":"https:\/\/lemt.lv\/dev\/wp-json\/wp\/v2\/types\/product"}],"wp:featuredmedia":[{"embeddable":true,"href":"https:\/\/lemt.lv\/dev\/wp-json\/wp\/v2\/media\/6114"}],"wp:attachment":[{"href":"https:\/\/lemt.lv\/dev\/wp-json\/wp\/v2\/media?parent=6112"}],"wp:term":[{"taxonomy":"product_brand","embeddable":true,"href":"https:\/\/lemt.lv\/dev\/wp-json\/wp\/v2\/product_brand?post=6112"},{"taxonomy":"product_cat","embeddable":true,"href":"https:\/\/lemt.lv\/dev\/wp-json\/wp\/v2\/product_cat?post=6112"},{"taxonomy":"product_tag","embeddable":true,"href":"https:\/\/lemt.lv\/dev\/wp-json\/wp\/v2\/product_tag?post=6112"}],"curies":[{"name":"wp","href":"https:\/\/api.w.org\/{rel}","templated":true}]}}