{"id":6085,"date":"2023-10-09T09:43:24","date_gmt":"2023-10-09T06:43:24","guid":{"rendered":"https:\/\/lemt.lv\/?post_type=product&#038;p=6085"},"modified":"2025-04-10T05:45:11","modified_gmt":"2025-04-10T02:45:11","slug":"6085","status":"publish","type":"product","link":"https:\/\/lemt.lv\/dev\/produkts\/6085\/","title":{"rendered":"Sild\u012bt\u0101js MALMBERGS 2000W, 230V, balts"},"content":{"rendered":"<p>Kompakts konvekcijas radiators ar tr\u012bs jaudas iestat\u012bjumiem un termostatu. Regul\u0113jams termostats ar aizsardz\u012bbu pret p\u0101rkar\u0161anu. Komplekt\u0101 ar baro\u0161anas kabeli un kontaktdak\u0161u. Piem\u0113rots, ja nepiecie\u0161ams papildu siltums.<\/p>\n","protected":false},"excerpt":{"rendered":"<p>Kompakts konvekcijas radiators ar tr\u012bs jaudas iestat\u012bjumiem un termostatu. Regul\u0113jams termostats ar aizsardz\u012bbu pret p\u0101rkar\u0161anu. Komplekt\u0101 ar baro\u0161anas kabeli un kontaktdak\u0161u. Piem\u0113rots, ja nepiecie\u0161ams papildu siltums.<\/p>\n","protected":false},"featured_media":6092,"template":"","meta":{"_acf_changed":false},"product_brand":[],"product_cat":[32,1413,1114],"product_tag":[],"class_list":{"0":"post-6085","1":"product","2":"type-product","3":"status-publish","4":"has-post-thumbnail","6":"product_cat-apsildes-kabeli","7":"product_cat-apsildes-iekartas","8":"product_cat-ventilacija-un-apsilde-2","10":"first","11":"onbackorder","12":"taxable","13":"shipping-taxable","14":"purchasable","15":"product-type-simple"},"acf":[],"_links":{"self":[{"href":"https:\/\/lemt.lv\/dev\/wp-json\/wp\/v2\/product\/6085","targetHints":{"allow":["GET"]}}],"collection":[{"href":"https:\/\/lemt.lv\/dev\/wp-json\/wp\/v2\/product"}],"about":[{"href":"https:\/\/lemt.lv\/dev\/wp-json\/wp\/v2\/types\/product"}],"wp:featuredmedia":[{"embeddable":true,"href":"https:\/\/lemt.lv\/dev\/wp-json\/wp\/v2\/media\/6092"}],"wp:attachment":[{"href":"https:\/\/lemt.lv\/dev\/wp-json\/wp\/v2\/media?parent=6085"}],"wp:term":[{"taxonomy":"product_brand","embeddable":true,"href":"https:\/\/lemt.lv\/dev\/wp-json\/wp\/v2\/product_brand?post=6085"},{"taxonomy":"product_cat","embeddable":true,"href":"https:\/\/lemt.lv\/dev\/wp-json\/wp\/v2\/product_cat?post=6085"},{"taxonomy":"product_tag","embeddable":true,"href":"https:\/\/lemt.lv\/dev\/wp-json\/wp\/v2\/product_tag?post=6085"}],"curies":[{"name":"wp","href":"https:\/\/api.w.org\/{rel}","templated":true}]}}