{"id":5922,"date":"2022-07-21T09:23:05","date_gmt":"2022-07-21T06:23:05","guid":{"rendered":"https:\/\/lemt.lv\/?post_type=product&#038;p=5922"},"modified":"2025-04-10T05:45:12","modified_gmt":"2025-04-10T02:45:12","slug":"invertors-10kw-foxess-t10-g3-3-fazu-ar-wifi","status":"publish","type":"product","link":"https:\/\/lemt.lv\/dev\/produkts\/invertors-10kw-foxess-t10-g3-3-fazu-ar-wifi\/","title":{"rendered":"Invertors 10kW FoxESS T10 G3 3 f\u0101zu ar WiFi"},"content":{"rendered":"<p>T s\u0113rijas invertoru kl\u0101sts ir paredz\u0113ts 3 f\u0101zu sadz\u012bves un neliel\u0101m komerci\u0101l\u0101m instal\u0101cij\u0101m.\u00a0 T s\u0113rijas invertoru pied\u0101v\u0101t\u0101s jaudas ir no 3kW l\u012bdz 25kW.<\/p>\n<p>&nbsp;<\/p>\n<div class=\"video-wysiwyg\"><iframe loading=\"lazy\" title=\"T Series G3 Installation\" width=\"500\" height=\"281\" src=\"https:\/\/www.youtube.com\/embed\/sgfRzlqrH9s?feature=oembed\" frameborder=\"0\" allow=\"accelerometer; autoplay; clipboard-write; encrypted-media; gyroscope; picture-in-picture; web-share\" referrerpolicy=\"strict-origin-when-cross-origin\" allowfullscreen><\/iframe><\/div>\n","protected":false},"excerpt":{"rendered":"<p>T s\u0113rijas invertoru kl\u0101sts ir paredz\u0113ts 3 f\u0101zu sadz\u012bves un neliel\u0101m komerci\u0101l\u0101m instal\u0101cij\u0101m.\u00a0 T s\u0113rijas invertoru pied\u0101v\u0101t\u0101s jaudas ir no 3kW l\u012bdz 25kW. &nbsp;<\/p>\n","protected":false},"featured_media":5916,"template":"","meta":{"_acf_changed":false},"product_brand":[],"product_cat":[1282],"product_tag":[1367,1368],"class_list":{"0":"post-5922","1":"product","2":"type-product","3":"status-publish","4":"has-post-thumbnail","6":"product_cat-invertori","7":"product_tag-growatt","8":"product_tag-invertors","10":"first","11":"onbackorder","12":"taxable","13":"shipping-taxable","14":"purchasable","15":"product-type-simple"},"acf":[],"_links":{"self":[{"href":"https:\/\/lemt.lv\/dev\/wp-json\/wp\/v2\/product\/5922","targetHints":{"allow":["GET"]}}],"collection":[{"href":"https:\/\/lemt.lv\/dev\/wp-json\/wp\/v2\/product"}],"about":[{"href":"https:\/\/lemt.lv\/dev\/wp-json\/wp\/v2\/types\/product"}],"wp:featuredmedia":[{"embeddable":true,"href":"https:\/\/lemt.lv\/dev\/wp-json\/wp\/v2\/media\/5916"}],"wp:attachment":[{"href":"https:\/\/lemt.lv\/dev\/wp-json\/wp\/v2\/media?parent=5922"}],"wp:term":[{"taxonomy":"product_brand","embeddable":true,"href":"https:\/\/lemt.lv\/dev\/wp-json\/wp\/v2\/product_brand?post=5922"},{"taxonomy":"product_cat","embeddable":true,"href":"https:\/\/lemt.lv\/dev\/wp-json\/wp\/v2\/product_cat?post=5922"},{"taxonomy":"product_tag","embeddable":true,"href":"https:\/\/lemt.lv\/dev\/wp-json\/wp\/v2\/product_tag?post=5922"}],"curies":[{"name":"wp","href":"https:\/\/api.w.org\/{rel}","templated":true}]}}