{"id":5069,"date":"2021-08-17T19:35:48","date_gmt":"2021-08-17T16:35:48","guid":{"rendered":"https:\/\/lemt.lv\/?post_type=product&#038;p=5069"},"modified":"2025-04-10T05:45:15","modified_gmt":"2025-04-10T02:45:15","slug":"gaismeklis-sienas-plastra-balts","status":"publish","type":"product","link":"https:\/\/lemt.lv\/dev\/produkts\/gaismeklis-sienas-plastra-balts\/","title":{"rendered":"Gaismeklis sienas PLASTRA, balts"},"content":{"rendered":"<p>PLASTRA gaismeklis ir \u013coti individu\u0101la sienas gaismas stariem uz aug\u0161u un uz leju ar t\u012bru, skaidru formu. Gaismeklim nepiecie\u0161ama G9 halog\u0113n\u0101 vai LED spuldze (komplekt\u0101 nav iek\u013cauta), un tas ir gatavs tie\u0161ai piesl\u0113g\u0161anai pie 230 V t\u012bkla. P\u0113c grunt\u0113\u0161anas gaismekli var kr\u0101sot ar sienas kr\u0101su p\u0113c v\u0113l\u0113\u0161an\u0101s.<\/p>\n","protected":false},"excerpt":{"rendered":"<p>PLASTRA gaismeklis ir \u013coti individu\u0101la sienas gaismas stariem uz aug\u0161u un uz leju ar t\u012bru, skaidru formu. Gaismeklim nepiecie\u0161ama G9 halog\u0113n\u0101 vai LED spuldze (komplekt\u0101 nav iek\u013cauta), un tas ir gatavs tie\u0161ai piesl\u0113g\u0161anai pie 230 V t\u012bkla. P\u0113c grunt\u0113\u0161anas gaismekli var kr\u0101sot ar sienas kr\u0101su p\u0113c v\u0113l\u0113\u0161an\u0101s.<\/p>\n","protected":false},"featured_media":5081,"template":"","meta":{"_acf_changed":false},"product_brand":[],"product_cat":[1207],"product_tag":[],"class_list":{"0":"post-5069","1":"product","2":"type-product","3":"status-publish","4":"has-post-thumbnail","6":"product_cat-sienas-lampas","8":"first","9":"onbackorder","10":"taxable","11":"shipping-taxable","12":"purchasable","13":"product-type-simple"},"acf":[],"_links":{"self":[{"href":"https:\/\/lemt.lv\/dev\/wp-json\/wp\/v2\/product\/5069","targetHints":{"allow":["GET"]}}],"collection":[{"href":"https:\/\/lemt.lv\/dev\/wp-json\/wp\/v2\/product"}],"about":[{"href":"https:\/\/lemt.lv\/dev\/wp-json\/wp\/v2\/types\/product"}],"wp:featuredmedia":[{"embeddable":true,"href":"https:\/\/lemt.lv\/dev\/wp-json\/wp\/v2\/media\/5081"}],"wp:attachment":[{"href":"https:\/\/lemt.lv\/dev\/wp-json\/wp\/v2\/media?parent=5069"}],"wp:term":[{"taxonomy":"product_brand","embeddable":true,"href":"https:\/\/lemt.lv\/dev\/wp-json\/wp\/v2\/product_brand?post=5069"},{"taxonomy":"product_cat","embeddable":true,"href":"https:\/\/lemt.lv\/dev\/wp-json\/wp\/v2\/product_cat?post=5069"},{"taxonomy":"product_tag","embeddable":true,"href":"https:\/\/lemt.lv\/dev\/wp-json\/wp\/v2\/product_tag?post=5069"}],"curies":[{"name":"wp","href":"https:\/\/api.w.org\/{rel}","templated":true}]}}