{"id":4139,"date":"2021-07-28T16:17:35","date_gmt":"2021-07-28T13:17:35","guid":{"rendered":"https:\/\/lemt.lv\/?post_type=product&#038;p=4139"},"modified":"2025-04-10T05:45:25","modified_gmt":"2025-04-10T02:45:25","slug":"darza-lampinu-virtene-profi-10m-un-10-cokolu","status":"publish","type":"product","link":"https:\/\/lemt.lv\/dev\/produkts\/darza-lampinu-virtene-profi-10m-un-10-cokolu\/","title":{"rendered":"D\u0101rza lampi\u0146u virtene, PROFI, 10m un 10 cokolu"},"content":{"rendered":"<p>Ir milz\u012bga at\u0161\u0137ir\u012bba starp profesion\u0101laj\u0101m lampi\u0146u virten\u0113m &#8211; Tronix &#8211; un daudz l\u0113t\u0101kiem vies\u012bbu apgaismojuma produktiem, kurus varat atrast tie\u0161saist\u0113 vai jebkur\u0101 DIY vai zemo cenu veikal\u0101. Profesion\u0101\u013ci to zina, bet gala klienti to bie\u017ei nezina, ka dro\u0161ai lieto\u0161anai, ilglaic\u012bgai iztur\u012bbai un piel\u0101gotu rezult\u0101tu elast\u012bbai ir svar\u012bgi tam piev\u0113rst uzman\u012bbu. Lampi\u0146u virten\u0113s &#8211; Tronix tiek izmantots augstas kvalit\u0101tes gumijas kabelis, kas nodro\u0161ina lielu elast\u012bbu un labu iztur\u012bbu pret visiem laika apst\u0101k\u013ciem. Ar \u0161\u0101da veida materi\u0101lu ir viegli str\u0101d\u0101t, jo tas ir \u013coti elast\u012bgs un t\u0101p\u0113c ide\u0101li piem\u0113rots koku un zaru dekor\u0113\u0161anai.<\/p>\n<p>Spuldzes komplekt\u0101 nav iek\u013cautas.<\/p>\n","protected":false},"excerpt":{"rendered":"<p>Ir milz\u012bga at\u0161\u0137ir\u012bba starp profesion\u0101laj\u0101m lampi\u0146u virten\u0113m &#8211; Tronix &#8211; un daudz l\u0113t\u0101kiem vies\u012bbu apgaismojuma produktiem, kurus varat atrast tie\u0161saist\u0113 vai jebkur\u0101 DIY vai zemo cenu veikal\u0101. Profesion\u0101\u013ci to zina, bet gala klienti to bie\u017ei nezina, ka dro\u0161ai lieto\u0161anai, ilglaic\u012bgai iztur\u012bbai un piel\u0101gotu rezult\u0101tu elast\u012bbai ir svar\u012bgi tam piev\u0113rst uzman\u012bbu. Lampi\u0146u virten\u0113s &#8211; Tronix tiek [&hellip;]<\/p>\n","protected":false},"featured_media":4142,"template":"","meta":{"_acf_changed":false},"product_brand":[],"product_cat":[985],"product_tag":[],"class_list":{"0":"post-4139","1":"product","2":"type-product","3":"status-publish","4":"has-post-thumbnail","6":"product_cat-darza-virtenes","8":"first","9":"onbackorder","10":"taxable","11":"shipping-taxable","12":"purchasable","13":"product-type-simple"},"acf":[],"_links":{"self":[{"href":"https:\/\/lemt.lv\/dev\/wp-json\/wp\/v2\/product\/4139","targetHints":{"allow":["GET"]}}],"collection":[{"href":"https:\/\/lemt.lv\/dev\/wp-json\/wp\/v2\/product"}],"about":[{"href":"https:\/\/lemt.lv\/dev\/wp-json\/wp\/v2\/types\/product"}],"wp:featuredmedia":[{"embeddable":true,"href":"https:\/\/lemt.lv\/dev\/wp-json\/wp\/v2\/media\/4142"}],"wp:attachment":[{"href":"https:\/\/lemt.lv\/dev\/wp-json\/wp\/v2\/media?parent=4139"}],"wp:term":[{"taxonomy":"product_brand","embeddable":true,"href":"https:\/\/lemt.lv\/dev\/wp-json\/wp\/v2\/product_brand?post=4139"},{"taxonomy":"product_cat","embeddable":true,"href":"https:\/\/lemt.lv\/dev\/wp-json\/wp\/v2\/product_cat?post=4139"},{"taxonomy":"product_tag","embeddable":true,"href":"https:\/\/lemt.lv\/dev\/wp-json\/wp\/v2\/product_tag?post=4139"}],"curies":[{"name":"wp","href":"https:\/\/api.w.org\/{rel}","templated":true}]}}