{"id":3338,"date":"2021-06-30T11:26:54","date_gmt":"2021-06-30T08:26:54","guid":{"rendered":"https:\/\/lemt.lv\/?post_type=product&#038;p=3338"},"modified":"2025-04-10T05:45:32","modified_gmt":"2025-04-10T02:45:32","slug":"gaismeklis-piekarams-numinos-pd-phase-m","status":"publish","type":"product","link":"https:\/\/lemt.lv\/dev\/produkts\/gaismeklis-piekarams-numinos-pd-phase-m\/","title":{"rendered":"Gaismeklis piekarams NUMINOS\u00ae PD PHASE M, melns"},"content":{"rendered":"<p>Daudzi projekti prasa saska\u0146otu apgaismojuma un dizaina koncepciju. NUMINOS\u00ae ir perfekti koordin\u0113ta apgaismojuma sist\u0113ma, kas harmoniz\u0113 funkciju, dizainu un tehnolo\u0123ijas. S\u0101kot no lietojuma l\u012bdz tehnolo\u0123ijai un beidzot ar detaliz\u0113tu dizainu. Jo daudzpus\u012bg\u0101ks ir j\u016bsu projekts, jo vair\u0101k j\u016bs varat g\u016bt labumu no vied\u0101s NUMINOS\u00ae apgaismojuma saimes. Pateicoties pla\u0161ajai modu\u013cu izv\u0113lei, katrai v\u0113lmei ir piem\u0113rots risin\u0101jums. NUMINOS\u00ae apgaismojuma sist\u0113mu var konfigur\u0113t un kombin\u0113t, t\u0101 pied\u0101v\u0101 vair\u0101k nek\u0101 t\u016bksto\u0161 iesp\u0113ju. T\u0101pat k\u0101 \u0161o piekaramo gaismu, kuru ar gaismas konusu, kas v\u0113rsts uz leju, var izmantot, lai izveidotu akcentu apgaismojumu virs m\u0113bel\u0113m, piem\u0113ram, galdiem un let\u0113m dz\u012bvojam\u0101s telp\u0101s, veikalos vai restor\u0101nos.<\/p>\n<p>60gr\u0101du optika.<\/p>\n<p>\u0160eit varat atrast konfiguratoru: www.NUMINOS.SLV.com<\/p>\n","protected":false},"excerpt":{"rendered":"<p>Daudzi projekti prasa saska\u0146otu apgaismojuma un dizaina koncepciju. NUMINOS\u00ae ir perfekti koordin\u0113ta apgaismojuma sist\u0113ma, kas harmoniz\u0113 funkciju, dizainu un tehnolo\u0123ijas. S\u0101kot no lietojuma l\u012bdz tehnolo\u0123ijai un beidzot ar detaliz\u0113tu dizainu. Jo daudzpus\u012bg\u0101ks ir j\u016bsu projekts, jo vair\u0101k j\u016bs varat g\u016bt labumu no vied\u0101s NUMINOS\u00ae apgaismojuma saimes. Pateicoties pla\u0161ajai modu\u013cu izv\u0113lei, katrai v\u0113lmei ir piem\u0113rots risin\u0101jums. [&hellip;]<\/p>\n","protected":false},"featured_media":3347,"template":"","meta":{"_acf_changed":false},"product_brand":[],"product_cat":[643],"product_tag":[],"class_list":{"0":"post-3338","1":"product","2":"type-product","3":"status-publish","4":"has-post-thumbnail","6":"product_cat-griestu-lampas","8":"first","9":"onbackorder","10":"taxable","11":"shipping-taxable","12":"purchasable","13":"product-type-simple"},"acf":[],"_links":{"self":[{"href":"https:\/\/lemt.lv\/dev\/wp-json\/wp\/v2\/product\/3338","targetHints":{"allow":["GET"]}}],"collection":[{"href":"https:\/\/lemt.lv\/dev\/wp-json\/wp\/v2\/product"}],"about":[{"href":"https:\/\/lemt.lv\/dev\/wp-json\/wp\/v2\/types\/product"}],"wp:featuredmedia":[{"embeddable":true,"href":"https:\/\/lemt.lv\/dev\/wp-json\/wp\/v2\/media\/3347"}],"wp:attachment":[{"href":"https:\/\/lemt.lv\/dev\/wp-json\/wp\/v2\/media?parent=3338"}],"wp:term":[{"taxonomy":"product_brand","embeddable":true,"href":"https:\/\/lemt.lv\/dev\/wp-json\/wp\/v2\/product_brand?post=3338"},{"taxonomy":"product_cat","embeddable":true,"href":"https:\/\/lemt.lv\/dev\/wp-json\/wp\/v2\/product_cat?post=3338"},{"taxonomy":"product_tag","embeddable":true,"href":"https:\/\/lemt.lv\/dev\/wp-json\/wp\/v2\/product_tag?post=3338"}],"curies":[{"name":"wp","href":"https:\/\/api.w.org\/{rel}","templated":true}]}}