{"id":3152,"date":"2021-06-15T12:45:43","date_gmt":"2021-06-15T09:45:43","guid":{"rendered":"https:\/\/lemt.lv\/?post_type=product&#038;p=3152"},"modified":"2025-04-10T05:45:34","modified_gmt":"2025-04-10T02:45:34","slug":"kontaktligzda-ar-vacinu-zilonkaula-ar-zemejumu-basic55","status":"publish","type":"product","link":"https:\/\/lemt.lv\/dev\/produkts\/kontaktligzda-ar-vacinu-zilonkaula-ar-zemejumu-basic55\/","title":{"rendered":"Kontaktligzda ar v\u0101ci\u0146u, zilo\u0146kaula ar zem\u0113jumu Basic55"},"content":{"rendered":"","protected":false},"excerpt":{"rendered":"","protected":false},"featured_media":3159,"template":"","meta":{"_acf_changed":false},"product_brand":[],"product_cat":[766],"product_tag":[],"class_list":{"0":"post-3152","1":"product","2":"type-product","3":"status-publish","4":"has-post-thumbnail","6":"product_cat-kontaktligzdas","8":"first","9":"onbackorder","10":"taxable","11":"shipping-taxable","12":"purchasable","13":"product-type-simple"},"acf":[],"_links":{"self":[{"href":"https:\/\/lemt.lv\/dev\/wp-json\/wp\/v2\/product\/3152","targetHints":{"allow":["GET"]}}],"collection":[{"href":"https:\/\/lemt.lv\/dev\/wp-json\/wp\/v2\/product"}],"about":[{"href":"https:\/\/lemt.lv\/dev\/wp-json\/wp\/v2\/types\/product"}],"wp:featuredmedia":[{"embeddable":true,"href":"https:\/\/lemt.lv\/dev\/wp-json\/wp\/v2\/media\/3159"}],"wp:attachment":[{"href":"https:\/\/lemt.lv\/dev\/wp-json\/wp\/v2\/media?parent=3152"}],"wp:term":[{"taxonomy":"product_brand","embeddable":true,"href":"https:\/\/lemt.lv\/dev\/wp-json\/wp\/v2\/product_brand?post=3152"},{"taxonomy":"product_cat","embeddable":true,"href":"https:\/\/lemt.lv\/dev\/wp-json\/wp\/v2\/product_cat?post=3152"},{"taxonomy":"product_tag","embeddable":true,"href":"https:\/\/lemt.lv\/dev\/wp-json\/wp\/v2\/product_tag?post=3152"}],"curies":[{"name":"wp","href":"https:\/\/api.w.org\/{rel}","templated":true}]}}