{"id":2894,"date":"2021-06-09T16:01:18","date_gmt":"2021-06-09T13:01:18","guid":{"rendered":"https:\/\/lemt.lv\/?post_type=product&#038;p=2894"},"modified":"2025-04-10T05:45:35","modified_gmt":"2025-04-10T02:45:35","slug":"dumu-detektors-tikla-busch-smoke-alarm-professionalline-lithium","status":"publish","type":"product","link":"https:\/\/lemt.lv\/dev\/produkts\/dumu-detektors-tikla-busch-smoke-alarm-professionalline-lithium\/","title":{"rendered":"D\u016bmu detektors t\u012bkla &#8211; Busch-Smoke alarm ProfessionalLINE Lithium"},"content":{"rendered":"<p>Agr\u012bnai gruzdo\u0161u un atkl\u0101tu ugunsgr\u0113ku atkl\u0101\u0161anai ar d\u016bmu uzkr\u0101\u0161anos telp\u0101s. Piem\u0113rots savienojumam ar gudro m\u0101ju \u0101r\u0113j\u0101m sist\u0113m\u0101m, piem\u0113ram, ABB-free@home\u00ae, izmantojot radio moduli Busch-Smoke alarm detector RF kombin\u0101cij\u0101 ar ABB-free@home\u00ae Alarm-Stick.<\/p>\n<p>Detektor\u0101 uzst\u0101d\u012bta litija baterija, kuras kalpo\u0161anas laiks ir vismaz 10 gadi. Ar testa pogu un izsl\u0113g\u0161anas funkciju.<\/p>\n<p>VdS sertifik\u0101ts (V\u0101cijas \u012bpa\u0161uma apdro\u0161in\u0101t\u0101ju organiz\u0101cija) P\u0101rbaud\u012bts saska\u0146\u0101 ar DIN EN 14604.<\/p>\n<p>&gt; Q &lt;sertifik\u0101ts saska\u0146\u0101 ar VdS 3131 \/ vfdb direkt\u012bvu 14-01.<\/p>\n<p>Ska\u0146as trauksme ar 85 dBA pie 3 m. Dro\u0161\u012bbas demont\u0101\u017ea. T\u012bkla savienojums, izmantojot divu vadu l\u012bniju, l\u012bdz 20 detektoriem. T\u012bkla savienojums, izmantojot radio moduli 6828, l\u012bdz 20 detektoriem.\u00a0 Baro\u0161anas avots: 3 V litija akumulators (past\u0101v\u012bgi uzst\u0101d\u012bts), kura kalpo\u0161anas laiks ir vismaz 10 gadi.<br \/>\nRAL kr\u0101sas numurs: 9016<\/p>\n","protected":false},"excerpt":{"rendered":"<p>Agr\u012bnai gruzdo\u0161u un atkl\u0101tu ugunsgr\u0113ku atkl\u0101\u0161anai ar d\u016bmu uzkr\u0101\u0161anos telp\u0101s. Piem\u0113rots savienojumam ar gudro m\u0101ju \u0101r\u0113j\u0101m sist\u0113m\u0101m, piem\u0113ram, ABB-free@home\u00ae, izmantojot radio moduli Busch-Smoke alarm detector RF kombin\u0101cij\u0101 ar ABB-free@home\u00ae Alarm-Stick. Detektor\u0101 uzst\u0101d\u012bta litija baterija, kuras kalpo\u0161anas laiks ir vismaz 10 gadi. Ar testa pogu un izsl\u0113g\u0161anas funkciju. VdS sertifik\u0101ts (V\u0101cijas \u012bpa\u0161uma apdro\u0161in\u0101t\u0101ju organiz\u0101cija) P\u0101rbaud\u012bts saska\u0146\u0101 [&hellip;]<\/p>\n","protected":false},"featured_media":2880,"template":"","meta":{"_acf_changed":false},"product_brand":[],"product_cat":[751],"product_tag":[],"class_list":{"0":"post-2894","1":"product","2":"type-product","3":"status-publish","4":"has-post-thumbnail","6":"product_cat-dumu-detektori","8":"first","9":"onbackorder","10":"taxable","11":"shipping-taxable","12":"purchasable","13":"product-type-simple"},"acf":[],"_links":{"self":[{"href":"https:\/\/lemt.lv\/dev\/wp-json\/wp\/v2\/product\/2894","targetHints":{"allow":["GET"]}}],"collection":[{"href":"https:\/\/lemt.lv\/dev\/wp-json\/wp\/v2\/product"}],"about":[{"href":"https:\/\/lemt.lv\/dev\/wp-json\/wp\/v2\/types\/product"}],"wp:featuredmedia":[{"embeddable":true,"href":"https:\/\/lemt.lv\/dev\/wp-json\/wp\/v2\/media\/2880"}],"wp:attachment":[{"href":"https:\/\/lemt.lv\/dev\/wp-json\/wp\/v2\/media?parent=2894"}],"wp:term":[{"taxonomy":"product_brand","embeddable":true,"href":"https:\/\/lemt.lv\/dev\/wp-json\/wp\/v2\/product_brand?post=2894"},{"taxonomy":"product_cat","embeddable":true,"href":"https:\/\/lemt.lv\/dev\/wp-json\/wp\/v2\/product_cat?post=2894"},{"taxonomy":"product_tag","embeddable":true,"href":"https:\/\/lemt.lv\/dev\/wp-json\/wp\/v2\/product_tag?post=2894"}],"curies":[{"name":"wp","href":"https:\/\/api.w.org\/{rel}","templated":true}]}}