{"id":2536,"date":"2021-05-20T12:22:07","date_gmt":"2021-05-20T09:22:07","guid":{"rendered":"https:\/\/lemt.lv\/?post_type=product&#038;p=2536"},"modified":"2025-05-08T09:45:03","modified_gmt":"2025-05-08T06:45:03","slug":"virsapmetuma-montazas-karbas-uguns-noturiga-ksk-100-101x101x62mm-e90-ip66-ar-spaili-3h1-5-10mm","status":"publish","type":"product","link":"https:\/\/lemt.lv\/dev\/produkts\/virsapmetuma-montazas-karbas-uguns-noturiga-ksk-100-101x101x62mm-e90-ip66-ar-spaili-3h1-5-10mm\/","title":{"rendered":"Virsapmetuma mont\u0101\u017eas k\u0101rbas uguns notur\u012bga KSK 100 101x101x62\u043c\u043c E90 IP66 ar spaili 3\u04451,5-10\u043c\u043c\u00b2"},"content":{"rendered":"<p>Piez\u012bme par sist\u0113m\u0101m, kas saglab\u0101 funkcionalit\u0101ti ugunsgr\u0113ka laik\u0101:<\/p>\n<p>K\u0101rba ir apr\u012bkota ar 3-polu keramisk\u0101m kabe\u013cu klemmm\u0113m, kas nodro\u0161ina funkcionalit\u0101ti ugunsgr\u0113ka gad\u012bjum\u0101. Klemmes fiks\u0113j\u0101s ar enkuriem, komplekt\u0101 iek\u013cauti enkuri betonam. K\u0101rbas ir paredz\u0113tas tikai ugunsnotur\u012bgo kabe\u013cu komut\u0101cijai. Uguns notur\u012bg\u0101s k\u0101rbas korpuss isgatavots no halog\u0113nus nesaturo\u0161as plastmasas un ir apr\u012bkots ar elast\u012bgiem kabe\u013cievadiem \u0113rt\u0101kai kabe\u013cu komut\u0101cijai. Ugunsnotur\u012bba P90-R, E90, PS90<\/p>\n","protected":false},"excerpt":{"rendered":"<p>Piez\u012bme par sist\u0113m\u0101m, kas saglab\u0101 funkcionalit\u0101ti ugunsgr\u0113ka laik\u0101: K\u0101rba ir apr\u012bkota ar 3-polu keramisk\u0101m kabe\u013cu klemmm\u0113m, kas nodro\u0161ina funkcionalit\u0101ti ugunsgr\u0113ka gad\u012bjum\u0101. Klemmes fiks\u0113j\u0101s ar enkuriem, komplekt\u0101 iek\u013cauti enkuri betonam. K\u0101rbas ir paredz\u0113tas tikai ugunsnotur\u012bgo kabe\u013cu komut\u0101cijai. Uguns notur\u012bg\u0101s k\u0101rbas korpuss isgatavots no halog\u0113nus nesaturo\u0161as plastmasas un ir apr\u012bkots ar elast\u012bgiem kabe\u013cievadiem \u0113rt\u0101kai kabe\u013cu komut\u0101cijai. Ugunsnotur\u012bba [&hellip;]<\/p>\n","protected":false},"featured_media":2546,"template":"","meta":{"_acf_changed":false},"product_brand":[],"product_cat":[676],"product_tag":[],"class_list":{"0":"post-2536","1":"product","2":"type-product","3":"status-publish","4":"has-post-thumbnail","6":"product_cat-virsapmetuma-montazas-karbas-uguns-noturiga","8":"first","9":"onbackorder","10":"taxable","11":"shipping-taxable","12":"purchasable","13":"product-type-simple"},"acf":[],"_links":{"self":[{"href":"https:\/\/lemt.lv\/dev\/wp-json\/wp\/v2\/product\/2536","targetHints":{"allow":["GET"]}}],"collection":[{"href":"https:\/\/lemt.lv\/dev\/wp-json\/wp\/v2\/product"}],"about":[{"href":"https:\/\/lemt.lv\/dev\/wp-json\/wp\/v2\/types\/product"}],"wp:featuredmedia":[{"embeddable":true,"href":"https:\/\/lemt.lv\/dev\/wp-json\/wp\/v2\/media\/2546"}],"wp:attachment":[{"href":"https:\/\/lemt.lv\/dev\/wp-json\/wp\/v2\/media?parent=2536"}],"wp:term":[{"taxonomy":"product_brand","embeddable":true,"href":"https:\/\/lemt.lv\/dev\/wp-json\/wp\/v2\/product_brand?post=2536"},{"taxonomy":"product_cat","embeddable":true,"href":"https:\/\/lemt.lv\/dev\/wp-json\/wp\/v2\/product_cat?post=2536"},{"taxonomy":"product_tag","embeddable":true,"href":"https:\/\/lemt.lv\/dev\/wp-json\/wp\/v2\/product_tag?post=2536"}],"curies":[{"name":"wp","href":"https:\/\/api.w.org\/{rel}","templated":true}]}}