{"id":2490,"date":"2021-05-19T17:01:42","date_gmt":"2021-05-19T14:01:42","guid":{"rendered":"https:\/\/lemt.lv\/?post_type=product&#038;p=2490"},"modified":"2025-04-10T05:45:37","modified_gmt":"2025-04-10T02:45:37","slug":"gipskartona-montazas-karba-5-vietiga","status":"publish","type":"product","link":"https:\/\/lemt.lv\/dev\/produkts\/gipskartona-montazas-karba-5-vietiga\/","title":{"rendered":"\u0122ip\u0161kartona mont\u0101\u017eas k\u0101rba 5-viet\u012bga"},"content":{"rendered":"<p>K\u0101rbas paredz\u0113tas uzst\u0101d\u012b\u0161anai dob\u0101s sien\u0101s, piem. no \u0123ip\u0161kartona vai koka pane\u013ciem. K\u0101rbas ievadi izgatavoti no elast\u012bga materi\u0101la. Ievadu herm\u0113tiskums pat ar ievietotu kabeli vai cauruli. Nov\u0113r\u0161 caurv\u0113ju caur rozet\u0113m. Piem\u0113rots zema ener\u0123ijas pat\u0113ri\u0146a un pas\u012bvaj\u0101m m\u0101j\u0101m. Kabe\u013cu un cauru\u013cu uzst\u0101d\u012b\u0161ana ir veicama iz\u0146emot (izpl\u0113\u0161ot) speci\u0101li iepres\u0113t\u0101s atveres m\u012bkstaj\u0101s ievadu membr\u0101n\u0101s un tad uzst\u0101dot kabeli vai cauruli. Caurumi instal\u0101cijas k\u0101rb\u0101 tiek izveidoti, pievelkot mont\u0101\u017eas skr\u016bves. Skr\u016bves ir apr\u012bkotas ar dubulto v\u012btni \u0101tr\u0101kai mont\u0101\u017eai. IP30 aizsardz\u012bbas klase \u2013 k\u0101rba, apr\u012bkota ar atbilsto\u0161u v\u0101ku vai ier\u012bci ar aizsardz\u012bbas l\u012bmeni, kas atbilst IP30 aizsardz\u012bbas klasei vai p\u0101rsniedz to. Produkts aizsarg\u0101ts ar Eiropas industri\u0101l\u0101 dizaina patentu.<\/p>\n<p>Uguns reakcijas klase materi\u0101lam uz k\u0101 tiek uzst\u0101d\u012bts produkts A1-F. Fr\u0113z\u0113t\u0101s (urbt\u0101s) atveres diametrs &#8211; 68 mm.<\/p>\n","protected":false},"excerpt":{"rendered":"<p>K\u0101rbas paredz\u0113tas uzst\u0101d\u012b\u0161anai dob\u0101s sien\u0101s, piem. no \u0123ip\u0161kartona vai koka pane\u013ciem. K\u0101rbas ievadi izgatavoti no elast\u012bga materi\u0101la. Ievadu herm\u0113tiskums pat ar ievietotu kabeli vai cauruli. Nov\u0113r\u0161 caurv\u0113ju caur rozet\u0113m. Piem\u0113rots zema ener\u0123ijas pat\u0113ri\u0146a un pas\u012bvaj\u0101m m\u0101j\u0101m. Kabe\u013cu un cauru\u013cu uzst\u0101d\u012b\u0161ana ir veicama iz\u0146emot (izpl\u0113\u0161ot) speci\u0101li iepres\u0113t\u0101s atveres m\u012bkstaj\u0101s ievadu membr\u0101n\u0101s un tad uzst\u0101dot kabeli vai [&hellip;]<\/p>\n","protected":false},"featured_media":2493,"template":"","meta":{"_acf_changed":false},"product_brand":[],"product_cat":[652],"product_tag":[],"class_list":{"0":"post-2490","1":"product","2":"type-product","3":"status-publish","4":"has-post-thumbnail","6":"product_cat-gipskartona-sienas","8":"first","9":"onbackorder","10":"taxable","11":"shipping-taxable","12":"purchasable","13":"product-type-simple"},"acf":[],"_links":{"self":[{"href":"https:\/\/lemt.lv\/dev\/wp-json\/wp\/v2\/product\/2490","targetHints":{"allow":["GET"]}}],"collection":[{"href":"https:\/\/lemt.lv\/dev\/wp-json\/wp\/v2\/product"}],"about":[{"href":"https:\/\/lemt.lv\/dev\/wp-json\/wp\/v2\/types\/product"}],"wp:featuredmedia":[{"embeddable":true,"href":"https:\/\/lemt.lv\/dev\/wp-json\/wp\/v2\/media\/2493"}],"wp:attachment":[{"href":"https:\/\/lemt.lv\/dev\/wp-json\/wp\/v2\/media?parent=2490"}],"wp:term":[{"taxonomy":"product_brand","embeddable":true,"href":"https:\/\/lemt.lv\/dev\/wp-json\/wp\/v2\/product_brand?post=2490"},{"taxonomy":"product_cat","embeddable":true,"href":"https:\/\/lemt.lv\/dev\/wp-json\/wp\/v2\/product_cat?post=2490"},{"taxonomy":"product_tag","embeddable":true,"href":"https:\/\/lemt.lv\/dev\/wp-json\/wp\/v2\/product_tag?post=2490"}],"curies":[{"name":"wp","href":"https:\/\/api.w.org\/{rel}","templated":true}]}}